etermine h(t).
9
Let r = -6 - -10. Suppose -13 = -3*m - 2*n, n = m - r*n - 10. Let x(f) = f**3 - 5*f**2 + 2*f - 2. Give x(m).
8
Let w(i) = 2*i**3 - i**2 - 2*i - 2. Let b(y) = y**2 - 11*y + 13. Let a be b(10). Suppose a*n + 15 = 0, 4*o + 0*n = n - 3. What is w(o)?
-18
Let b(h) be the third derivative of -1/2*h**3 - 1/12*h**4 - 27*h**2 + 0*h + 0. Determine b(6).
-15
Let b(h) = 2*h**2 - h - 1. Let o be b(-1). Let t = -1 + o. Let f(p) = 3*p - 8*p**2 - 2*p + 0 + 4*p**2 - 1. Determine f(t).
-4
Let l(c) = -3*c**2 + 14*c + 20. Let x(b) = -2*b**2 + 15*b + 19. Let h(w) = -3*l(w) + 4*x(w). Determine h(-17).
-1
Let x(a) = -2*a. Let z be x(2). Let v(r) = -r**2 + 5*r + 2. Let j(q) = -2*q**2 + 9*q + 4. Let f(t) = z*j(t) + 7*v(t). Calculate f(2).
0
Let x(k) = k**2 - 17*k - 179. Let h be x(24). Let i(d) = -d**3 - 10*d**2 + 10*d - 1. Calculate i(h).
10
Let f(t) = t + 3. Suppose 403*j + 119 = 410*j. What is f(j)?
20
Let c(l) = -5*l**2 - 19*l + 36. Let d(b) = 2*b**2 + 6*b - 12. Let x(f) = -3*c(f) - 8*d(f). Determine x(8).
-4
Let u(q) = -q**2 - 3*q + 5. Suppose 0*n - 5*n = -195. Suppose 2*c + 20 = 5*i, -10 = -5*c + 2*i - n. Determine u(c).
-5
Let p(m) = 49*m**3 + 11*m**2 - 22*m + 6. Let d(c) = 10*c**3 + 2*c**2 - 4*c + 1. Let o(a) = -11*d(a) + 2*p(a). Calculate o(-1).
13
Suppose -2*s - 2*o + 14 = 0, o = -9*s + 12*s - 1. Let u(p) be the first derivative of -7 + 11*p - 1/2*p**s. Determine u(5).
6
Let l = -1235/6 + 206. Let p(n) be the second derivative of 0*n**2 + 3*n + l*n**3 + 0. Calculate p(4).
4
Let l(h) be the third derivative of h**4/24 + 5*h**3/6 - 27*h**2. Let f(x) = x**3 - 5*x**2 + 3*x + 1. Let g be f(3). Calculate l(g).
-3
Let r(p) = 2*p**3 + 2*p**2 + p - 2. Suppose 0 = 20*s - 16*s - 288. Suppose -s = 3*d - 66. Give r(d).
-12
Let b be 1/(-2)*(0 - -2). Let x(h) = h**3 + 185 - 185 + h. Determine x(b).
-2
Let n = -383 + 384. Let l(y) = 10*y**2 - 2*y + 1. Give l(n).
9
Let r = 2 - -3. Let n(w) = -r*w + 5*w**2 + 4*w + 4 - w**3 + 0*w. Let b(l) = l - 5. Let s be b(10). What is n(s)?
-1
Let a(v) = -v**2 - 2*v - 2. Suppose 8*d - 4*d + 28 = 0. Let o = -9 - d. Calculate a(o).
-2
Let d(f) = -5 + 6 + 3 + 9*f - 5. Let g(y) = 10*y - 1. Let z(o) = 3*d(o) - 2*g(o). Determine z(2).
13
Let t = -2 + -2. Suppose 3*g = 6*g + 5*f - 19, 5*g - 13 = f. Let s(n) = -9*n**3 + n**g + 7*n**3 - 4*n**2 - n. Give s(t).
4
Let w(a) be the third derivative of -a**6/12 + a**5/60 + a**4/24 - a**3/6 + a**2. Let t be (-42)/(-35)*-5 - (-14)/2. Calculate w(t).
-9
Let t(p) = 0 + 0 - 2*p - 5. Let k(i) = i + 2. Let b(f) = 9*k(f) + 4*t(f). What is b(5)?
3
Let y = -10 - -16. Let z(j) = -4 + y*j - 4 - 4 + 4 + j**2. Suppose 5*g - 13 + 33 = -5*u, -4*u = -2*g + 28. What is z(u)?
-8
Let v(d) = d**3 - 2*d**2 - 6*d + 3. Let i(l) = l**3 + 6*l**2 + 5*l - 8. Let z be i(-4). What is v(z)?
11
Let x(c) = -40 - 642*c + 639*c + 41. Calculate x(-8).
25
Let f(y) be the second derivative of -y**3/6 + 5*y**2/2 + 33*y + 2. Let s be (0 - -1 - 2)*0. Calculate f(s).
5
Let l be (1 - 1)/(0 + 2) + 6. Let w(x) = -x - 2 + 13 + 3. Determine w(l).
8
Let r(n) be the second derivative of -n**5/24 - n**4/12 + 2*n**3 + 14*n. Let o(l) be the second derivative of r(l). Calculate o(-2).
8
Let x(n) = -5*n - 1. Let i(a) = 5*a**2 - 24*a - 4. Let u(b) = -i(b) + 5*x(b). Give u(2).
-23
Suppose -2*o = -4*o + 10. Let k(q) = -4 + o*q**2 + 1 + q - 6*q - 3*q**2. Suppose v - 2 = 2. What is k(v)?
9
Let f(j) be the first derivative of -j**5/60 - j**4/24 + j**3/3 - 27*j**2/2 + 15. Let o(t) be the second derivative of f(t). Determine o(0).
2
Let u(i) = -i**2 - i. Let v(a) = 3*a**2 + 4*a. Let b(t) = 4*u(t) + v(t). Suppose 98*o - 90*o + 16 = 0. Determine b(o).
-4
Let y be 2/8 + (-14)/(-8). Let u(x) = -x**3 - 24*x**2 + 22*x - 73. Let t be u(-25). Let d(a) = -3*a + 6*a + 4 + 3*a**t - 2*a**y. Give d(-3).
4
Let q(l) = 3*l - 20. Let b be q(8). Let j(g) = 10 - 2*g + b*g - 4*g. Calculate j(7).
-4
Let d(v) = -v - 4. Let n(q) = q**2 - 2*q + 2. Let b be n(2). Let g be (-4)/b + (-4)/2. Calculate d(g).
0
Let t(l) be the first derivative of -l**3 + 15*l**2/2 - 10*l + 19. Determine t(4).
2
Let t(a) = a**3 - 1. Let o(u) = -5*u**3 + 5*u**2 + 7*u - 4. Let r(m) = -o(m) - 4*t(m). Let h be (-15 - 4602/(-286))/((-4)/(-22)). Determine r(h).
2
Let o(r) = -r + 7. Suppose 0 = d - 5*u + 72, -2*d + 4*u - 111 = 5*u. Let s = d + 62. Calculate o(s).
2
Let s = 5 - 2. Suppose 28 = s*r - 2. Let c = r - 13. Let i(o) = -o. Calculate i(c).
3
Let h(j) = -4*j - 1. Let b(q) = -q + 7. Let s be b(7). Let t(k) = -k + 10. Let x be t(s). Let c = 8 - x. Calculate h(c).
7
Let o(w) = -w**3 - 6*w**2 + 7*w + 5. Suppose 2*q = 4*q + 6, -q = t + 17. Let j(b) = -5*b - 3. Let u be j(-2). Let y = u + t. Calculate o(y).
5
Let q(c) = -c**3 + 7*c**2 - 8*c - 4. Let j(u) = u**3 - 7*u**2 + 10*u + 3. Let m(p) = -2*j(p) - 3*q(p). Give m(6).
-6
Let a(g) be the third derivative of -g**4/24 - 2*g**2. Suppose -f - 4*t + 45 = 18, 0 = 4*f - 4*t - 208. Let h = -53 + f. What is a(h)?
6
Suppose 9 = -f - a, a - 2 - 1 = f. Let o(j) = -j**3 - 3*j**2 - 7*j + 3. Let g(u) = -2*u**3 - 5*u**2 - 14*u + 7. Let s(w) = -4*g(w) + 9*o(w). What is s(f)?
5
Let m(u) = u**2 + u - 4. Suppose -3*p - 9 = l + 6, 4*p + 16 = 0. Give m(l).
2
Let j(h) = -27*h - 3. Let g(t) = -14*t - 1. Let p(s) = -7*g(s) + 4*j(s). Calculate p(0).
-5
Let o be (-92)/(-16) + -6 - (-3)/9. Let g(x) be the second derivative of -1/3*x**3 + 0 + 0*x**2 - 5*x + o*x**4. Calculate g(2).
0
Let h(r) = -4*r. Let x be h(1). Let j(p) = -3*p + 3. Let z be j(x). Let w(i) = 2*i**2 + 0*i + z*i**2 + 1 - 2*i. Calculate w(1).
16
Let b(a) = -a**3 - 2*a**2 + 5*a + 2. Let w(c) = -c**3 + 6*c**2 + 15*c - 59. Let p be w(7). Calculate b(p).
-4
Let l(h) = -h**2 + 3*h + 6. Let c be l(5). Let j be (-6)/4*32/48. Let r = c + j. Let u(y) = y**2 + 5*y + 2. Calculate u(r).
2
Let k(b) = 11*b**2 - 11*b**2 - 11*b**2 + b**3 - 2 + 17 - 13*b. Calculate k(12).
3
Let q(u) = 11*u - 22*u + 1 + 9*u. Determine q(-6).
13
Let y(t) = -12*t**3 - 2*t + 1. Let c be y(1). Let g = c + 25. Let h be 1/(-2) + 42/g. Let o(f) = -f**2 + 3*f - 2. Calculate o(h).
-2
Let v(l) be the first derivative of 10*l**3/3 - l**2/2 - 705. What is v(2)?
38
Let b(x) be the first derivative of 3*x**2/2 - 7*x - 595. Determine b(-6).
-25
Let i(m) be the second derivative of m**5/120 + m**4/6 - 53*m**3/6 + m + 9. Let z(r) be the second derivative of i(r). What is z(-3)?
1
Let m(d) = -622*d + 2 + 1242*d - 621*d. Give m(-8).
10
Let o be (4/(-8))/((-1)/(-90)). Let g = o - -45. Let m(p) = p - 5. What is m(g)?
-5
Let z(j) = 3*j - 2. Let s = 682 + -686. Give z(s).
-14
Let m(o) = -o - 19. Let x be m(-13). Let i(k) be the first derivative of 6*k - 3 - 5/2*k**2 - 1/3*k**3. Determine i(x).
0
Let t(l) be the third derivative of -l**5/60 + l**4/6 + 4*l**3 + l**2. Let b(d) be the first derivative of t(d). Determine b(4).
-4
Let r(a) = -a + 2. Let j be r(0). Let b(c) = 0*c - 6990 - 2*c + 8*c + 6987. What is b(j)?
9
Let w be 42 - 8/((-16)/(-4)). Let n = -34 + w. Let o(q) = q**2 - 5*q - 2. Give o(n).
4
Let g be (7 - -1) + 35483/(-4440). Let x(w) be the third derivative of -1/15*w**5 + 1/6*w**4 - g*w**6 + 0*w + w**3 - 6*w**2 + 0. Give x(-5).
11
Let f = 83 - 80. Suppose 5*g - 45 = f*j - 5, 15 = 2*j + 5*g. Let i(q) = -26*q + 6. Let k(l) = -5*l + 1. Let u(c) = 3*i(c) - 16*k(c). Calculate u(j).
-8
Let m be 4*(-35)/(-10)*(-2)/(-28). Let i(y) = -y**3 + 6*y**2 + 7*y + 3. Let k be i(7). Let v(t) = t + 7*t**k - 1 - t. Determine v(m).
6
Let q be ((-336)/(-18))/((-1)/(-3)). Let j be (2/8)/((-110)/q - -2). Let z(i) = i - 13. What is z(j)?
-6
Let q(l) be the third derivative of l**6/120 + l**5/15 + l**4/8 + l**3/2 - l**2. Let s(p) = p - 10. Let w be s(10). Suppose w = 4*b + 40 - 28. Calculate q(b).
3
Let f = -133 - -88. Let o = -85 - f. Let v be o/12*3/2. Let s(m) = m + 5. Calculate s(v).
0
Suppose -4*y = -2*r - 40, 3*y = -r - 0*r + 30. Suppose -4*w + y = -3*h + 44, -48 = -3*h - 3*w. Let x = h + -14. Let b(d) = -d**3 - d**2 - 9. Give b(x).
-9
Let g(t) be the third derivative of -t**5/60 - 5*t**4/24 + 7*t**3/6 - 8*t**2. Let c be ((-1)/(-1))/((-3)/(-45)). Suppose 28*a - c = 31*a. Calculate g(a).
7
Let c(u) be the first derivative of 5*u**2 - 2*u - 1. Let t be 13 + -20 - 5 - -14. Give c(t).
18
Suppose 0 = 3*n - n + 12. Let j(y) = 7*y**2 + 17 + y - 2*y + 5*y + y**3 - 22. What is j(n)